) = 5115*q - 2265931. Calculate b(443).
14
Let x(y) = y**3 - 117*y**2 + 7*y - 2745. What is x(0)?
-2745
Let m(p) = -p**3 + 59*p**2 + 3389*p - 131980. Give m(31).
-13
Let l(r) = -2*r**3 - 130*r**2 + 705*r + 277. What is l(-70)?
-73
Let t(p) = 23813*p + 952520. Calculate t(-40).
0
Let r(z) = 135*z**3 - 1488*z**2 + 66*z - 402. Give r(11).
-39
Let i(a) = 1697*a + 238661. What is i(-141)?
-616
Let c(h) = -h**3 + 180*h**2 - 348*h - 1839. Give c(178).
-415
Let p(x) = -x**3 + 44*x**2 - 4738*x + 13873. Calculate p(3).
28
Let w(f) = 4*f**2 + 866*f + 7470. What is w(-9)?
0
Let m(c) = -c**3 + 16*c**2 - 37*c - 56. Calculate m(8).
160
Let g(q) = q**2 - 86*q + 2087. Determine g(47).
254
Let s(l) = -l**3 + 17*l**2 + 550*l - 7986. Determine s(13).
-160
Let t(u) = -40448*u - 687218. Calculate t(-17).
398
Let f(w) = -4*w**3 - 349*w**2 - 3928*w + 65. Calculate f(-74).
509
Let g(j) = -5*j**2 + 1356*j - 51977. What is g(225)?
-2
Let x(y) = 99*y**2 + 6169*y + 2007. Give x(-62).
85
Let q(f) = 3*f**2 + 227*f + 4614. Determine q(-21).
1170
Let r(t) = -687*t + 151336. Give r(220).
196
Let r(g) = -604*g + 36809. What is r(60)?
569
Let q(m) = 12*m**3 + 14*m**2 + 95*m + 27. Give q(-4).
-897
Let v(r) = 16863*r + 219216. Determine v(-13).
-3
Let h(d) = 3*d**2 - 316*d - 21896. What is h(-47)?
-417
Let a(t) = -t**3 + 31*t**2 + 334*t + 641. Determine a(40).
-399
Let q(x) = -567*x + 4171. What is q(6)?
769
Let a(n) = -2*n**2 + 5551*n + 533563. Determine a(-93).
22
Let w(q) = -6*q**2 + 25*q - 51. What is w(-8)?
-635
Let w(n) = 1446*n - 34694. Give w(24).
10
Let z(o) = -114*o + 629. Calculate z(6).
-55
Let c(g) = -61*g**2 + 494*g + 6. Calculate c(7).
475
Let s(a) = -a**3 + 1657*a**2 + 5090*a - 182598. What is s(1660)?
2
Let k(x) = -307*x - 20922. What is k(-68)?
-46
Let i(a) = -507*a - 87894. Calculate i(-174).
324
Let v(h) = -h**2 - 25423*h. Determine v(0).
0
Let x(f) = -26*f - 3726. Give x(-130).
-346
Let d(y) = -y**3 - 18*y**2 + 147*y + 2854. What is d(-16)?
-10
Let l(q) = q**3 - 454*q**2 + 1340*q + 5886. What is l(451)?
23
Let y(p) = 4*p**3 - 2228*p**2 - 4462*p - 5601. What is y(559)?
-11
Let i(a) = -a**2 + 48*a + 30061. Calculate i(-151).
12
Let n(k) = -32*k**2 - 4359*k + 51819. Calculate n(11).
-2
Let h(k) = -12112*k + 230119. Give h(19).
-9
Let p(b) = 5*b**3 + 500*b**2 - 33585*b - 727. Determine p(-146).
3
Let u(b) = -11*b**2 + 278*b + 422. Give u(28).
-418
Let w(n) = 27*n**3 - 24*n**2 + 39*n - 76. What is w(4)?
1424
Let o(j) = 5447*j - 10967. Calculate o(2).
-73
Let k(c) = c**2 + 350*c - 1917. Determine k(5).
-142
Let w(f) = -762*f - 11267. Calculate w(-13).
-1361
Let d(z) = 2530*z + 2006. What is d(-2)?
-3054
Let t(d) = 95*d**2 - 1345*d + 1437. Give t(13).
7
Let k(u) = -3*u**2 - 138*u + 49122. Determine k(-153).
9
Let d(k) = k**3 + 7*k**2 - 320*k + 2019. Determine d(10).
519
Let f(q) = 71*q**2 + 77*q - 124. Give f(1).
24
Let r(t) = -t**3 + 179*t**2 - 2157*t - 32. Give r(13).
-19
Let v(j) = -972*j + 4051. Determine v(4).
163
Let o(i) = 7695*i + 438613. Calculate o(-57).
-2
Let x(q) = -65116*q - 976555. Determine x(-15).
185
Let v(j) = -4128*j + 41168. Determine v(10).
-112
Let u(d) = -10*d**2 - 3725*d - 5557. Calculate u(-371).
8
Let v(a) = 6398*a + 12989. Determine v(-2).
193
Let o(h) = -73*h**3 - 16*h**2 + 23*h - 6. Give o(1).
-72
Let u(o) = -o**3 - 6*o**2 + 580*o + 2931. Determine u(-5).
6
Let t(z) = -7*z**3 + 2*z**2 + 17*z - 113. Calculate t(6).
-1451
Let s(q) = -109*q - 9512. Calculate s(-87).
-29
Let z(h) = 4594*h - 211349. Calculate z(46).
-25
Let i(b) = -1256290*b + 52764186. Determine i(42).
6
Let y(w) = w**3 - 137*w**2 + 491*w + 4208. Give y(133).
-1245
Let g(m) = 15*m**3 + 34*m**2 - 640*m - 1300. Give g(-2).
-4
Let g(a) = 6432*a + 558. Determine g(0).
558
Let k(l) = 2*l**3 + 181*l**2 - 3620*l + 40. What is k(18)?
5188
Let j(l) = -63*l**3 - 69*l**2 + 35*l + 22. What is j(-1)?
-19
Let z(t) = 2*t**3 - 4*t**2 + 423*t - 2131. Calculate z(5).
134
Let y(k) = -103*k**2 - 103*k - 163. Calculate y(-2).
-369
Let h(z) = -z**2 + 1411*z + 208630. What is h(-135)?
-80
Let r(w) = 25*w**2 - 1135*w - 2368. Give r(-2).
2
Let z(m) = 1636*m - 74110. What is z(46)?
1146
Let z(m) = 3930*m - 1847102. Give z(470).
-2
Let p(q) = 2*q**2 + 1940*q + 450405. Give p(-585).
-45
Let p(y) = -y**3 + 11943*y - 83274. Calculate p(7).
-16
Let i(a) = 31271*a + 376347. Determine i(-12).
1095
Let i(f) = -96*f**2 - 13520*f + 2259. Give i(-141).
3
Let k(d) = -d**3 + 9*d**2 - 3205*d + 12730. Determine k(4).
-10
Let f(b) = 39*b**2 - 168*b - 104. Give f(12).
3496
Let u(k) = -7*k**2 + 3115*k - 33413. Give u(434).
5
Let c(t) = 2*t**3 + 139*t**2 - 380*t - 1466. Calculate c(-72).
-26
Let c(b) = -b**3 + 20*b**2 - 3585*b + 92746. Determine c(25).
-4
Let q(v) = 5*v**3 - 705*v**2 - 9*v + 1730. Calculate q(141).
461
Let n(k) = -k**2 - 1654*k + 397678. Give n(213).
7
Let m(h) = h**3 + 176*h**2 + 171*h - 686. Calculate m(-175).
14
Let f(n) = -11*n**2 - 188*n + 13099. Calculate f(27).
4
Let t(y) = -68*y**2 + 72*y - 24. Give t(-9).
-6180
Let a(r) = -r**2 - 12588*r - 8856322. Give a(-748).
-2
Let m(a) = -6*a**3 + 49*a**2 + 1600*a - 12924. Calculate m(8).
-60
Let f(y) = -3*y**2 + 68883*y - 413208. What is f(6)?
-18
Let m(z) = 4*z**2 + 180*z + 2100. What is m(-13)?
436
Let m(x) = 3*x**3 + 11*x**2 + 45*x + 87. What is m(-8)?
-1105
Let p(i) = -i**3 - i**2 - 8*i + 15. Calculate p(-5).
155
Let d(l) = -9*l**2 - 10044*l + 623921. Calculate d(-1175).
-4
Let c(q) = -4*q**3 + 483*q**2 + 92*q + 3209. Determine c(121).
-300
Let d(k) = -2770*k + 1385041. Give d(500).
41
Let h(b) = -2*b**2 - 17206*b + 120529. Calculate h(7).
-11
Let c(j) = j**3 - 21*j**2 + 97*j - 939. Give c(20).
601
Let d(x) = -x**3 + 433*x**2 + 592*x - 68590. Determine d(434).
-18
Let n(i) = 1119*i + 288606. Determine n(-258).
-96
Let f(p) = -6432*p - 328005. Calculate f(-51).
27
Let c(i) = 23*i**2 + 4089*i - 908. Determine c(-178).
-18
Let d(f) = 20*f + 2493. What is d(-189)?
-1287
Let k(l) = -2*l**3 - 168*l**2 + 182*l + 995. Give k(-85).
-25
Let d(p) = -p**3 + 123*p**2 + 1918*p + 35. What is d(137)?
35
Let y(o) = o**2 - 4835*o - 691278. What is y(-139)?
108
Let p(u) = 2*u**2 + 104*u - 1327. Determine p(-63).
59
Let j(c) = -c**3 + 275*c**2 - 1344*c + 70453. Determine j(271).
-7
Let w(b) = -385*b - 16889. Give w(-44).
51
Let z(u) = 2*u**3 - 45*u**2 + 82*u - 209. Give z(21).
190
Let a(f) = f**3 - 2*f**2 + 1508*f - 6064. Calculate a(4).
0
Let f(h) = h**3 - 454*h**2 + 8676*h + 78. Give f(20).
-2
Let p(x) = x**3 - 201*x**2 - 2294*x - 8057. Determine p(212).
-1
Let f(p) = p**3 + 17*p**2 + 141*p + 2848. Determine f(-18).
-14
Let y(z) = 3*z**2 - 740*z - 123374. What is y(-114)?
-26
Let a(n) = 429*n**2 + 582*n - 1744. Calculate a(3).
3863
Let q(x) = 1092*x + 50440. Determine q(-48).
-1976
Let b(c) = -c**3 + 3*c**2 + 51327*c - 256617. Give b(5).
-32
Let y(b) = -8*b**2 + 35204*b + 105634. Give y(-3).
-50
Let i(q) = 8*q**2 + 62*q + 251. What is i(-6)?
167
Let j(r) = 2896*r + 31863. Determine j(-11).
7
Let v(a) = 265*a + 1018. Give v(-4).
-42
Let f(r) = r**3 + 12*r**2 + 73*r + 257. Determine f(-5).
67
Let l(t) = 17*t**2 + 171*t - 816. Determine l(4).
140
Let f(p) = -32839*p + 296369. Calculate f(9).
818
Let n(s) = -s**3 + 1126*s**2 - 5111*s - 553772. Calculate n(1121).
2
Let g(j) = -2*j**3 + 118*j**2 + 215*j + 1806. What is g(61)?
37
Let i(y) = 2221*y - 7852. Give i(5).
3253
Let r(c) = -2*c**3 + 161*c**2 - 103*c + 1850. Give r(80).
10
Let l(r) = 15*r**3 - 103*r**2 - 275*r + 79. What is l(-3)?
-428
Let f(k) = -15*k**3 + 1450*k**2 + 492*k - 96. Calculate f(97).
583
Let u(m) = 114710*m - 2523618. Calculate u(22).
2
Let o(t) = -26542*t + 12315485. Give o(464).
-3
Let k(r) = -11*r**2 + 13153*r + 65781. What is k(-5)?
-259
Let v(g) = -9723*g + 9726. Determine v(1).
3
Let m(o) = -9*o**2 + 4459*o + 11416. Determine m(498).
-38
Let r(l) = -2*l**2 - 166*l + 5. Give r(-14).
1937
Let t(o) = 108869*o + 653224. Give t(-6).
10
Let l(p) = -p**2 - 733*p - 9365. What is l(-13)?
-5
Let p(w) = 3*w**3 + 2*w**2 - 57*w + 15. Determine p(4).
11
Let h(a) = -48*a**2 - 252*a - 60. Give h(-5).
0
Let w(t) = 1819*t - 489304. Give w(269).
7
Let x(i) = 1803*i - 99302. What is x(55)?
-137
Let f(n) = n**3 + 52*n**2 + 370*n + 6348. What is f(-47)?
3
Let w(u) = -6*u**2 + 1808*u + 7262. Calculate w(-4).
-66
Le